{"id":32,"date":"2022-11-14T12:25:18","date_gmt":"2022-11-14T12:25:18","guid":{"rendered":"https:\/\/rezeda.hera.wpspace.me\/?page_id=32"},"modified":"2022-11-14T12:45:45","modified_gmt":"2022-11-14T12:45:45","slug":"kontakt","status":"publish","type":"page","link":"https:\/\/rezeda.hera.wpspace.me\/index.php\/kontakt\/","title":{"rendered":"Kontakt"},"content":{"rendered":"\n<p><\/p>\n\n\n<p>[contact-form-7 id=&#8220;14&#8243; title=&#8220;Kontakt&#8220;]<\/p>\n\n\n\n<h2 class=\"wp-block-heading\">Wegbeschreibung<\/h2>\n\n\n\n<h3 class=\"wp-block-heading\">Mit \u00f6ffentlichen Verkehrsmitteln<\/h3>\n\n\n\n<h4 class=\"wp-block-heading\">Routenplaner mit der Tram<\/h4>\n\n\n\n<p>Von der Innenstadt kommend&nbsp;fahren Sie mit der Tram 1&nbsp;Richtung Bahnhof Wilhelmsh\u00f6he&nbsp;und steigen eine Station sp\u00e4ter an der Haltestelle &#8222;Kunoldstrasse&#8220; aus. Genau gegen\u00fcber finden Sie meine Praxis, Hausnummer 287.<\/p>\n\n\n\n<h3 class=\"wp-block-heading\">Mit dem Auto<\/h3>\n\n\n\n<p><a href=\"https:\/\/www.google.de\/maps\/dir\/\/Wilhelmsh\u00f6her+Allee+287,+34131+Kassel\/@51.3114986,9.4505861,14z\/data=!4m9!4m8!1m0!1m5!1m1!1s0x47bb3f77f91e4375:0xba7f2bcc5ad54634!2m2!1d9.4395417!2d51.3135995!3e0\" target=\"_blank\" rel=\"noreferrer noopener\">Routenplaner mit dem Auto<\/a><\/p>\n\n\n\n<h4 class=\"wp-block-heading\">aus Richtung Innenstadt Kassel<\/h4>\n\n\n\n<p>Fahren Sie auf die Wilhelmsh\u00f6her Alle, Richtung Hessischer Rundfunk. Auf der linken Seite befindet sich meine Praxis, Hausnummer 287.<\/p>\n\n\n\n<h4 class=\"wp-block-heading\">Parkm\u00f6glichkeiten<\/h4>\n\n\n\n<p>Direkt vor dem Haus oder auf gegen\u00fcberliegenden Seite finden Sie \u00f6ffentliche Parkm\u00f6glichkeiten.<\/p>\n\n\n\n<div class=\"wp-block-media-text is-stacked-on-mobile\"><figure class=\"wp-block-media-text__media\"><img loading=\"lazy\" decoding=\"async\" width=\"1024\" height=\"766\" src=\"https:\/\/rezeda.hera.wpspace.me\/wp-content\/uploads\/2022\/11\/Wegbeschreibung-Praxis-fuer-Psychotherapie-Kassel-1024x766.png\" alt=\"\" class=\"wp-image-47 size-full\" srcset=\"https:\/\/rezeda.hera.wpspace.me\/wp-content\/uploads\/2022\/11\/Wegbeschreibung-Praxis-fuer-Psychotherapie-Kassel-1024x766.png 1024w, https:\/\/rezeda.hera.wpspace.me\/wp-content\/uploads\/2022\/11\/Wegbeschreibung-Praxis-fuer-Psychotherapie-Kassel-300x224.png 300w, https:\/\/rezeda.hera.wpspace.me\/wp-content\/uploads\/2022\/11\/Wegbeschreibung-Praxis-fuer-Psychotherapie-Kassel-768x574.png 768w, https:\/\/rezeda.hera.wpspace.me\/wp-content\/uploads\/2022\/11\/Wegbeschreibung-Praxis-fuer-Psychotherapie-Kassel.png 1206w\" sizes=\"auto, (max-width: 1024px) 100vw, 1024px\" \/><\/figure><div class=\"wp-block-media-text__content\">\n<p><strong>Praxis Monika Edalatian<\/strong><br>Wilhelmsh\u00f6her Alee 287<br>34131 Kassel \/ Bad Wilhelmsh\u00f6he<br>Telefon: 0561 50398866<\/p>\n<\/div><\/div>\n","protected":false},"excerpt":{"rendered":"<p>Wegbeschreibung Mit \u00f6ffentlichen Verkehrsmitteln Routenplaner mit der Tram Von der Innenstadt kommend&nbsp;fahren Sie mit der Tram 1&nbsp;Richtung Bahnhof Wilhelmsh\u00f6he&nbsp;und steigen eine Station sp\u00e4ter an der Haltestelle &#8222;Kunoldstrasse&#8220; aus. Genau gegen\u00fcber finden Sie meine Praxis, Hausnummer 287. Mit dem Auto Routenplaner mit dem Auto aus Richtung Innenstadt Kassel Fahren Sie auf die Wilhelmsh\u00f6her Alle, Richtung Hessischer &#8230; <a title=\"Kontakt\" class=\"read-more\" href=\"https:\/\/rezeda.hera.wpspace.me\/index.php\/kontakt\/\" aria-label=\"Mehr dazu unter Kontakt\">Weiterlesen<\/a><\/p>\n","protected":false},"author":1,"featured_media":0,"parent":0,"menu_order":0,"comment_status":"closed","ping_status":"closed","template":"","meta":{"footnotes":""},"class_list":["post-32","page","type-page","status-publish"],"_links":{"self":[{"href":"https:\/\/rezeda.hera.wpspace.me\/index.php\/wp-json\/wp\/v2\/pages\/32","targetHints":{"allow":["GET"]}}],"collection":[{"href":"https:\/\/rezeda.hera.wpspace.me\/index.php\/wp-json\/wp\/v2\/pages"}],"about":[{"href":"https:\/\/rezeda.hera.wpspace.me\/index.php\/wp-json\/wp\/v2\/types\/page"}],"author":[{"embeddable":true,"href":"https:\/\/rezeda.hera.wpspace.me\/index.php\/wp-json\/wp\/v2\/users\/1"}],"replies":[{"embeddable":true,"href":"https:\/\/rezeda.hera.wpspace.me\/index.php\/wp-json\/wp\/v2\/comments?post=32"}],"version-history":[{"count":5,"href":"https:\/\/rezeda.hera.wpspace.me\/index.php\/wp-json\/wp\/v2\/pages\/32\/revisions"}],"predecessor-version":[{"id":53,"href":"https:\/\/rezeda.hera.wpspace.me\/index.php\/wp-json\/wp\/v2\/pages\/32\/revisions\/53"}],"wp:attachment":[{"href":"https:\/\/rezeda.hera.wpspace.me\/index.php\/wp-json\/wp\/v2\/media?parent=32"}],"curies":[{"name":"wp","href":"https:\/\/api.w.org\/{rel}","templated":true}]}}